. Suppose -3*n = 4*j - o, 0 = 5*n + j - 6*j - 40. Let f(c) = n*c**2 - 6 + c**3 + 2*c + 0*c**3 - 3*c. What is f(-5)?
-1
Let y(c) be the second derivative of -3/20*c**5 + 1/3*c**3 - 1/6*c**4 - 2*c + 0 - 1/2*c**2. Determine y(1).
-4
Let n(t) = -t + 2. Let l(y) = -y + 17. Let f be l(17). Give n(f).
2
Let k(j) be the second derivative of j**4/12 - 4*j**3/3 + 3*j**2 - 16*j. What is k(4)?
-10
Let k be 0 - (-5 - (-2)/1). Suppose 0*o - o = k. Let v(h) = 2*h**2 + 5*h + 3. Determine v(o).
6
Let g = 4 + -3. Let f(r) be the first derivative of -r**6/120 - r**4/24 + r**3 - 5. Let c(t) be the third derivative of f(t). Determine c(g).
-4
Let m(l) = 19 + 3*l - 21 - 4*l. What is m(-6)?
4
Let c(b) = b. Let h(t) = t**2 - 10*t + 8. Let o be h(9). Give c(o).
-1
Let r(c) = c**2 - 8*c + 8. Suppose t - 3*i = 3*t - 6, -3*i = 3*t - 12. Calculate r(t).
-4
Let c(d) = -d**2 + 8*d - 5. Let f(b) = -5*b + 17. Let i be f(7). Let m = i + 22. Give c(m).
11
Let o(s) = s + 9. Let k(i) = -i - 1. Let f(y) = 3*k(y) + o(y). Let v = -64 - -69. Calculate f(v).
-4
Let p(q) = q - 3. Suppose 10*m - 6*m - 8 = 0. What is p(m)?
-1
Let m(r) = -r**2 - 2*r - 1. Suppose 0 = 21*h - 13*h + 32. Calculate m(h).
-9
Let s(p) = p + 1. Let q(h) = -1. Let c(m) = 4*m - 12. Let b(u) = -c(u) + 16*q(u). Let z(w) = b(w) + 6*s(w). Let v be 16/(-6) + (-2)/6. What is z(v)?
-4
Let n(a) = 3*a**2 + a + 1. Let w be n(-1). Let t be (2 - w - 5)*-1. Let q(l) = 4*l**2 - t*l**2 - l + 3*l**2 + 5. Calculate q(0).
5
Let i(n) = -n**2 - n - 1. Let b(j) = -3*j**2 - 2*j - 8. Let a(k) = -b(k) + 2*i(k). Calculate a(0).
6
Let x(s) = 0*s + 14*s + 3*s - 3*s. Determine x(-1).
-14
Let b(j) = j - 3. Let o(c) = 1. Let v(s) = -b(s) - 4*o(s). Suppose a + 2 = -k + 3, -5*a + 5 = k. Suppose 0 = w + a - 3. Calculate v(w).
-3
Let q = 0 + 0. Let a be q/(3*(-2 + 3)). Let c(f) = 1 + a - 3*f - 2. Give c(-1).
2
Suppose 1 + 5 = 3*r. Let a(w) = -w + 1. Let i be (1/2)/((-2)/4). Let x(v) = -2*v + 1. Let k(s) = i*a(s) + x(s). Determine k(r).
-2
Let i(z) = 8*z - 1. Let k(g) = -9*g + 1. Let l(d) = -4*i(d) - 3*k(d). Let c be (-10)/(-6) - (-1)/3. Suppose -3*o - 3*y - 3 = -6*o, 5*y + 8 = c*o. Give l(o).
6
Let l(q) = -3*q**2 + 1 + 1 - q**3 - q + 6*q. Let r be (-24)/15*(-30)/4. Suppose j + r = -2*j. Calculate l(j).
-2
Let k(p) = 3*p**3 - p**2 - 4*p + 3. Let m(r) = 4*r**3 - 5*r + 3. Let n(w) = -5*k(w) + 4*m(w). What is n(-5)?
-3
Let h(g) be the third derivative of g**5/60 - g**3/6 - 3*g**2. Suppose -3*z + 4 = -7*z + 2*t, 5*z = -5*t + 25. Determine h(z).
0
Let m(c) = -4*c**2 + 34*c**3 + 11*c**2 + 3 - 35*c**3 + 9*c**2. What is m(16)?
3
Let r be 1 - (2 + (-6)/1). Let v(o) = -o**2 + 6*o - 5. Calculate v(r).
0
Let j(m) = m**3 + 3*m**2 + 3*m + 4. Suppose -5*w - 25 = 5*f, -7*f - 14 = 2*w - 3*f. Give j(w).
-5
Let r(i) = 2*i - 10. Let p = -12 - -19. What is r(p)?
4
Let n(i) = -2 + 2*i - i + 0*i + 0. Let k(r) = -r**2 - 6*r. Let d be k(-5). Let m = 9 - d. What is n(m)?
2
Let r(a) = 2*a + 2. Let q(h) = -4*h**2 + h. Let j be q(1). Suppose 2*w = -2*w - 32. Let n be (-4)/((-2 - w)/j). Determine r(n).
6
Let a(l) = -l**2 + 2*l + 4. Let u = -3 - -6. What is a(u)?
1
Let y(z) = 2*z**3 - 2*z**2 + z. Let d(a) = a - 2. Let t be d(6). Let o(s) = s - 2. Let p be o(t). Suppose -u + 2 = 2*i - 1, 5 = 3*i + p*u. What is y(i)?
1
Let s(q) = -q**2 - 4*q - 3. Suppose 2*b - 10 = -4*d, b - 2 - 13 = -4*d. Suppose 13 = -d*w - n, -n = 3*w + n + 5. Give s(w).
0
Let i(f) = f**3 + 2*f**2 + 1. Let c(a) = 2*a + 5. Let z(t) = -t - 8. Let p be z(-4). Let x be c(p). What is i(x)?
-8
Let p(c) be the first derivative of c**4/4 + 2*c**3 + 3*c**2 + 4*c - 5. Give p(-4).
12
Let p(w) be the first derivative of -w**2 + 3*w + 9. Determine p(6).
-9
Let q(b) = -2*b + 5. Suppose 2*a - a - 2*c = 9, -4*c - 13 = -a. Calculate q(a).
-5
Suppose u + 0*u = 0. Let f(v) = 7*v**2 - 6*v. Let q(t) = t**2 - t. Let g(w) = -f(w) + 6*q(w). What is g(u)?
0
Let t(q) = 5*q + 6. Let i(m) = -m - 1. Let z(b) = 14*i(b) + 2*t(b). Calculate z(-3).
10
Let v(q) = q**2 - 2. Suppose l = -4*y + 5, -8*l + 3*l = -2*y - 3. Let r be 2*y + -3 + -1. Determine v(r).
2
Let l(w) = 6*w - 1. Let b be l(-1). Let y(s) = s**3 + 6*s**2 - 8*s - 3. Calculate y(b).
4
Let u(i) = i**2 - 4*i**2 - 1 + 2*i + 5*i**2. Let f = 4 + -3. What is u(f)?
3
Let y(c) = c + 7. Suppose z = -3*v - 2*z, -3*z + 8 = v. Calculate y(v).
3
Let q(o) = o**3 + 7*o**2 + 7*o + 7. Let j(u) be the second derivative of u**4/12 + 5*u**3/6 - 3*u**2 - u. Let y be j(-5). What is q(y)?
1
Let c(r) be the first derivative of 1/4*r**4 - r + 0*r**2 - 1 - 1/3*r**3. Give c(0).
-1
Let i(k) = 0*k - 2*k - 3 + k - 3*k + k**3 + 3*k**2. Let n be (1*4)/2*-5. Let r = n - -7. Calculate i(r).
9
Let r(f) = -f. Let b(y) = -y**3 + 9*y**2 - 5*y + 12. Let o(q) = -b(q) + 4*r(q). What is o(9)?
-3
Let k be (6/12)/(2/(-4)). Let j be -2 + (1 - 1) - -7. Let n(d) = 1 + 0 + 4*d**3 + j*d - 3*d. Calculate n(k).
-5
Let q(a) = 2*a**2 + 13*a + 18*a - 33*a + a**3 + 1. Let o be (-4)/10 - (-13)/(-5). Give q(o).
-2
Let x(g) = -2*g**2 - g. Suppose 9 + 4 = 13*w. Calculate x(w).
-3
Let r(n) be the third derivative of n**5/60 + n**4/24 + 3*n**3/2 - n**2. Suppose 2*h = h + 2*m + 5, 3*h - m = 0. Let p be (-5 + 4)*(1 + h). Give r(p).
9
Suppose 3*l - 10 = l. Suppose 5*c + 2 - 7 = 3*r, -l*c + 40 = 4*r. Let p(w) = -w + 1. Let q(g) = 5*g - 6. Let z(s) = -3*p(s) - q(s). What is z(c)?
-5
Let a(z) = 8*z**2 - 7*z - 4*z - 1 - 2*z + 15*z. Suppose -5*k = 5*u + 15, -4*u - 14 = k + k. What is a(k)?
9
Let k(y) = y**3 + 4*y**2 + 2*y - 2. Let z be k(-2). Suppose 3*l = -2*g + 16, z*l - 2*g + 2 = 6. Let x(w) = -14*w + 2 + 4*w + 7*w + 2*w. Determine x(l).
-2
Let h(c) be the second derivative of c**3/3 + 2*c**2 + 2*c. Let r = -6 + 2. Calculate h(r).
-4
Let f(c) = -5*c**3 - c**2 - 23*c + 10. Let l(x) = -2*x**3 - x**2 - 11*x + 5. Let h(a) = -3*f(a) + 7*l(a). Calculate h(5).
-10
Let g(r) = r + 4 - 6 + 4. What is g(5)?
7
Let k(x) = -4*x. Let v be -3*(8/18)/((-16)/(-12)). Give k(v).
4
Let p(x) be the second derivative of -1/3*x**3 + 1/20*x**5 + 0 + 0*x**2 + 10*x + 1/6*x**4. Suppose 4*v + 3*m = 8, 2*m + 1 = 2*v - 3. Calculate p(v).
12
Let o(c) be the second derivative of c**4/12 - 2*c**3/3 + 6*c. Let d = 0 - -3. Determine o(d).
-3
Suppose -5*n + 2 = -q, -5*n - 19 = 3*q - q. Let y = -4 + 5. Let f(s) = 4*s - 4*s - y - s. Determine f(q).
6
Let l(o) be the first derivative of -2*o**3/3 - o**2/2 + 2*o - 15. Calculate l(3).
-19
Let i(j) be the third derivative of -5*j**4/8 - j**3/6 - 23*j**2. What is i(-1)?
14
Let j(n) = -2*n + 11. Let g be j(7). Let f(w) = -w**2 - 2*w - 3. Calculate f(g).
-6
Let b(m) = -m**3 - 2*m**2 + m - 2. Let t be ((-12)/(-10))/(6/(-15)). Determine b(t).
4
Let u(i) = -4 + 1 + 2 - i**2. Calculate u(-2).
-5
Let l(m) = m**3 + 5*m**2 + 6*m - 6. Let d(h) = h**3 + 5*h**2 + 5*h - 5. Let g(f) = -5*d(f) + 4*l(f). Determine g(-2).
-9
Suppose 3*k = 5*l + 31, 2*l = -3*k - l - 9. Let a = -6 - -6. Let o(i) = a*i**3 + 0*i + 2 - 2*i**2 + i**3 - i. Determine o(k).
0
Let q(r) be the first derivative of r**5/20 - r**4/24 + r**2/2 - 3. Let g(d) be the second derivative of q(d). Let x = 4 + -5. Determine g(x).
4
Let o(h) = -3*h**3 - h**2 - 2*h + 5. Let c(d) = -4*d**3 - 3*d + 6. Let a(r) = 2*c(r) - 3*o(r). What is a(-3)?
-3
Let x(d) be the third derivative of 0*d - d**3 + 3*d**2 + 0 + 1/24*d**4. Give x(5).
-1
Let c(x) = x**3 - 2*x**2 - 3*x + 4. Suppose -2*p = v - 4, 12 = 5*v - 2*p - 8. Let r = v + -2. Let w be 33/12 + r/8. What is c(w)?
4
Let t(g) = -7*g**2 - 8*g - 5. Let a(q) = -20*q**2 - 24*q - 14. Let c(z) = 6*a(z) - 17*t(z). Give c(-8).
1
Suppose 9 = a - 3*a + 3*r, a + 9 = -3*r. Let j(l) = -2*l - 3. Let p(i) = i + 2. Let b(c) = 4*j(c) + 9*p(c). What is b(a)?
0
Let j(b) be the first derivative of 1/3*b**3 - b + 3 + 0*b**2. What is j(-3)?
8
Let z(l) = 4*l + 3. Let r(m) = -8*m - 5. Let x(y) = -3*r(y) - 5*z(y). Suppose -2*w - o = 2, 2*w + 4*o = 3*w + 1. Determine x(w).
-4
Let v(i) = -i**3 - 5*i**2 - 3*i - 1. Suppose -5 = -2*c + c. Suppose 2*g - c + 13 = 0. What is v(g)?
-5
Let g(n) = -3 - n**2 - 8*n + n + 13*n - 2. What is g(6)?
-5
Let f = -8 - -12. Let p(o) be the third derivative of -o**5/120 + 3*o**4/8 - o**3/6 + o**2. Let z(t) be the first derivative of p(t). Calculate z(f).
5
Let o(j) = 2*j**3 + j - 1. Suppose -4*x = -8*x, 0 = -4*y + x + 8. Calculate o(y).
17
Suppose 3